 s = 6 - 1. What is i(s)?
13
Let p(w) = w**2 + 2*w + 2. Let h(c) be the third derivative of c**5/60 + c**4/8 + c**3/3 + 2*c**2. Let g(k) = 3*h(k) - 4*p(k). Give g(0).
-2
Let l = -25 - -20. Let f(j) = -2*j - 5. Calculate f(l).
5
Let l(m) be the second derivative of -1/12*m**4 + 0 - 3*m - 1/6*m**3 + 0*m**2. Give l(-1).
0
Let o(x) = x + 1. Let l(g) = -4*g - 4. Let i(v) = -4*l(v) - 18*o(v). Let u(k) = -5*k - 7. Let f be u(-5). Suppose -m = 5*y - y + f, 23 = -5*y - m. What is i(y)?
8
Let z = -5 + 5. Let u(p) = p**3 - p**2 + 4. Let w be u(z). Suppose -23 = -5*x + 4*h, w*h - 7 = -x - 4*x. Let l(g) = g**3 - 3*g**2 - 3. Calculate l(x).
-3
Let d(q) be the first derivative of -1 + 0*q**2 + 2*q - 1/3*q**3 + 1/4*q**4. Let h be (-12)/(-42) + (-2)/7. Calculate d(h).
2
Let j = 9 - 7. Let b(f) = 3*f**2 + 4 + 0*f - 6 - 2*f**2 + f - f**3. Calculate b(j).
-4
Let i(s) = -s - 3. Let w be i(-8). Let n be w/((-15)/(-6))*-2. Let x(h) = h**3 + 3*h**2 - 4*h - 1. Give x(n).
-1
Let a be -1*(0 - (-4)/(-2)). Let g be 10 + (-6 - -2 - -1). Suppose -u = -a*p - g, -u - 12 = 3*u. Let n(x) = x**3 + 5*x**2 + x + 4. What is n(p)?
-1
Suppose 4*m + 2*r - 21 = -3*r, -3*r + 20 = -5*m. Let q(w) = 2*w - 1. What is q(m)?
-3
Let z(u) = -u**2 + u + 4. Suppose 5*i - 8 = -3*g + i, -5*g - 8 = -4*i. Suppose 0 = -g*b - b. What is z(b)?
4
Let s(j) = j - 7. Let p = 24 - 18. Calculate s(p).
-1
Let o(y) = -3*y**2 + 3*y. Suppose -18 + 3 = -5*k. Let v(w) = w**2 - 4*w + 3. Let z be v(2). Let t = z + k. Calculate o(t).
-6
Let x(i) = 2 - 3*i**2 + 14*i - 18*i - i**3 + 5*i**2. Give x(2).
-6
Let c(x) = -x + 1. Let m(b) = b**2 + 7*b + 7. Let k be m(-6). Calculate c(k).
0
Let h(i) be the second derivative of -i**3/6 + i**2 + i. Suppose -3*y - 2*z = 3 - 28, -2*y + 5 = -z. Let n be (-22)/y + 6/(-10). What is h(n)?
7
Let o = 0 + 0. Suppose -k - 2*k + 12 = o. Suppose -2*b + k*u = -24, -4*u - 22 = 4*b - 5*b. Let h(s) = s**3 - 2*s**2 + 2*s - 1. What is h(b)?
3
Let r(n) be the third derivative of n**4/24 - 5*n**3/6 - 7*n**2. Calculate r(0).
-5
Suppose 0 = -5*u - 3*a - 5, 5*u - 3*a = 2*a - 5. Let v(d) = -4 + 3*d**2 + 0*d**2 + 3 - d. Give v(u).
3
Let k be ((-2)/(-4))/((-2)/24). Let q(u) = -5 - 8*u + 15*u**2 - 6*u**2 - 10*u**2. What is q(k)?
7
Let i(a) = -a**2 + 5*a + 5. Let t = -5 + 7. Suppose 12 = t*p - 0. Suppose -3*s - 15 = -p*s. Calculate i(s).
5
Let w(f) be the second derivative of f**4/12 + 2*f**3/3 + 5*f. Let p = -6 - -2. Give w(p).
0
Suppose -2*z = -z - 7. Let h(r) = r**2 - 6*r - 4. What is h(z)?
3
Let c = -95 - -93. Let z(s) = -7*s - 3. What is z(c)?
11
Let s(c) be the second derivative of c**4/12 - 7*c**3/6 + 3*c**2/2 + 13*c. Give s(7).
3
Let o = 40 - 40. Let x(b) be the third derivative of -b**6/120 + b**4/24 + b**3 + b**2. Give x(o).
6
Let y(b) = b**3 + 6*b**2 - 3*b - 3. Suppose 5*m - 4*j = -30, -2*m - 11 = -5*j + 1. What is y(m)?
15
Suppose -4*x - 3*q = -8 + 33, 0 = x + 5*q + 2. Let s(f) = 3*f + 4. Determine s(x).
-17
Let x be 12/(-14)*(-4 + -3). Let u(n) be the first derivative of n**2/2 - 3*n + 10. What is u(x)?
3
Let l(x) = x**2 + x - 2. Let g be l(2). Suppose -10 = -g*p + 6. Let t(n) = -2*n + 4 - 5 + 2. Calculate t(p).
-7
Let p(j) = j**3 - j**2 - j + 2. Let y(f) = -6*f**3 + 6*f**2 + 7*f - 11. Let m(r) = -5*p(r) - y(r). What is m(1)?
-1
Let n be (-9)/1 + 2*12/8. Let s(l) = -l**2 - 7*l - 3. What is s(n)?
3
Suppose 9 = 15*l - 6. Let t(a) = 23*a**2 - a + 1. Determine t(l).
23
Let y(w) = w - 4. Let c(s) = -s + 5. Let r(p) = -2*c(p) - 3*y(p). Determine r(5).
-3
Let w(k) be the first derivative of 5*k**3/3 - 28. What is w(2)?
20
Let g(z) be the first derivative of z**2/2 - 4*z - 4. Let c be g(4). Suppose c*j = j. Let h(y) = -y**3 - y**2 + 2. Give h(j).
2
Let g be (2 - 4) + -1 + -4. Let x be 4 + g + (9 - 0). Suppose -2*o - x = -o. Let u(k) = k**3 + 7*k**2 + 5*k - 5. Calculate u(o).
1
Let g(a) = 4*a**2 - 3 - a**3 + 2*a + 3*a + 0*a**2. Let l(w) = -w**3 - 7*w**2 - 6*w + 5. Let v be l(-6). Calculate g(v).
-3
Let d(a) = a**3 + 6*a**2 + 3*a - 2. Suppose -5*i + 1 = 26. Calculate d(i).
8
Let u = -17 - -23. Let o be 3/(-2)*(-4)/u. Let m(s) = -s**2. Determine m(o).
-1
Let f(t) be the third derivative of -t**5/60 + 5*t**4/24 - 2*t**3/3 + t**2. Calculate f(3).
2
Let t(c) be the first derivative of 4*c**2 + c - 16. Give t(1).
9
Let l(j) = 0 + j**3 + 0*j**2 - 4*j**2 + 2 - 3*j**2. What is l(7)?
2
Let u be 20/(-15)*-3 - -1. Let r(q) = q**3 - 6*q**2 + 7*q - 7. Determine r(u).
3
Let k(h) = -3*h - 3*h + 5*h + h**3. Let d = -3 - -2. Let g be ((-8)/12)/(d/(-3)). Calculate k(g).
-6
Suppose -5*m + 10 = -o, 1 - 13 = o - 3*m. Let x = o + 22. Let l(d) = d - 4. Determine l(x).
3
Let h(z) = 5*z**2 - 4*z**2 + 29*z - 34*z - 1. Let b be 22/(-4) - 1/(-2). Let m be 2*1/((-2)/b). What is h(m)?
-1
Suppose 0*y + 20 = -5*u + 4*y, 10 = 2*y. Let o be u + (-5)/((-5)/2). Let c(p) = 0*p**2 - 6 + 5 + p**o - p + p**3. What is c(0)?
-1
Suppose -g - g - 4 = 0. Let o be 1 + 2 + g - -2. Let t(b) = 5*b + o - 4*b - 2*b. Determine t(4).
-1
Suppose -34 = -4*p - 14. Suppose p*x + 9 = 5*o - 1, o - 8 = -2*x. Let b(v) = -v**2 + 6*v**2 + 4 - 2*v**3 - 7*v + 1 + v**3. Give b(o).
-7
Suppose 0 = 2*n - 5 - 5. Let o(c) be the third derivative of 0*c + 0 + 1/24*c**4 - 1/6*c**3 - 3*c**2. Determine o(n).
4
Suppose 5*z = -23 - 12. Let d = 7 + z. Suppose 7*n - 3*n - 4 = d. Let q(h) = 8*h - 1. Calculate q(n).
7
Let v(y) = 2*y**2 - 4*y - 6. Let t(j) = -j**2 + 2*j + 3. Suppose -19 = 5*r + 46. Let u(z) = r*t(z) - 6*v(z). Give u(-3).
12
Let k(j) = -2*j**2 - j - 9 + 9. Calculate k(-2).
-6
Let m(w) = -2*w - w + 2*w. Determine m(2).
-2
Let y(n) be the third derivative of n**6/30 + n**3/6 + 23*n**2. Let r = -2 - -3. Give y(r).
5
Let m(x) = -x**3 + 3*x**2 + x + 2. Let o = 22 + -19. What is m(o)?
5
Let w(s) = 18*s - 1. Let f(n) = -n. Let t(m) = f(m) + w(m). Give t(-1).
-18
Let l(h) = -h**2 - 6*h - 5. Suppose -19 + 1 = 3*r. What is l(r)?
-5
Let l(a) = -6 + 23*a**3 - 3 - a - 45*a**3 + 23*a**3. What is l(0)?
-9
Let t(c) be the third derivative of c**6/120 - c**5/20 - c**4/6 + c**3 - 12*c**2. What is t(4)?
6
Let s(t) = 8 - 7 - 1 - 2*t - 5. Determine s(4).
-13
Let i(m) be the first derivative of -m**2/2 - 2*m - 5. Calculate i(3).
-5
Let y(u) = u + 8. Suppose 0 = 3*w - 2*a + 22, 4*a - 9 = 3*w + 17. Give y(w).
2
Let x(l) = 8*l + 1. Let m be 14/21 + 4/3. Let i be m/(-8) - (-1)/4. Suppose -3*t + 0 - 3 = i. Give x(t).
-7
Suppose 0 = -h - 3*h + 36. Let g(z) = -h + 3*z**3 + 11*z**2 - 4*z**3 - 3*z**2 - 5*z. Let y be g(7). Let f(m) = -m**3 + 5*m**2 - m + 5. Calculate f(y).
0
Let u(o) = 4*o - 7*o + 5*o - o. Let m = 10 - 6. What is u(m)?
4
Let f = -9 + 7. Let r(s) = -s**2 - 7*s + 1. Let c be r(-7). Let n = c - f. Let q(t) = -t**2 + 4*t - 1. What is q(n)?
2
Let b(w) = w - 4. Let u be 2/9 + 50/18. Suppose 2*f = 2*i + i - 27, 0 = i + f - 4. Let d = i - u. Give b(d).
0
Let a(f) = -2*f**2 + f + 1. Suppose 4*r - 3*d - 8 = 0, -2*d = -r - 7*d + 2. Determine a(r).
-5
Let g(o) = -15*o - 48. Let v(q) = q + 3. Let j(r) = -2*g(r) - 33*v(r). Let n(y) = -8*y - 8. Let h(l) = 11*j(l) - 4*n(l). Determine h(6).
-7
Let y(s) = 7*s. Let x(z) = 6*z. Let a(r) = -5*x(r) + 4*y(r). Suppose 0 = 2*v + 4*w - 10, 2*w = 4*v + v - 1. What is a(v)?
-2
Let y = 1 - 4. Let w(k) = k**2 + k - 3. Let m be w(y). Let d(o) = 2*o - 3. Let f(j) = -j + 1. Let u(g) = -3*d(g) - 5*f(g). What is u(m)?
1
Let j(w) = 5*w + 4. Let g(n) = 9*n + 7. Let r(q) = -4*g(q) + 7*j(q). Let k(f) = 3*f + 11. Let o(s) = k(s) + 2*r(s). What is o(-5)?
6
Let q(l) = -l**3 - 6*l**2 - 3*l + 4. Let g be q(-5). Let w be (1/(-3))/(g/18). Let b(c) = -w + 1 - 4 - 1 + c. Give b(-4).
-9
Let q(r) = r + 6. Let d(v) = -v - 7. Let a(t) = -5*d(t) - 6*q(t). Let m be a(-6). Let n(b) = b**2 - 5*b + 2. Let x be n(m). Let z(s) = 2*s + 2. What is z(x)?
6
Let n(b) = b - 7. Let s be n(9). Let i(u) = 2 - 5 + 3*u + u**s + 3*u. Let x be i(-6). Let d(g) = 2*g**2 + 3*g - 4. Give d(x).
5
Let d(i) = -i + 5. Let y(b) = -3*b + 9. Let w(g) = -5*d(g) + 2*y(g). Suppose u - 2*u - 5 = 0. What is w(u)?
-2
Let z(h) = -h**3 - 3*h**2 - 2*h - 2. Let m be z(-3). Let x(a) = -a**2 - 1 + 2*a**2 + m*a + 0*a. What is x(-2)?
-5
Let o(u) = u**2 - 9*u + 9. Let z be o(8). Suppose -2*i + 0*i = 5*j - 16, 0 = -5*j - 3*i + 19. Let x(p) = -5*p**j - 4*p**2 - 2 + 2*p + 1. Give x(z).
-8
Suppose 2*r + 8 = 5*f, 2*f = 3*r - f + 